0).
14
Let x(l) = 38*l + 71. Calculate x(-7).
-195
Let j(d) = -89*d - 9515. Determine j(-107).
8
Let f(k) = 693*k + 654. What is f(-1)?
-39
Let f(x) = 12*x + 52. Give f(-10).
-68
Let n(g) = -g**2 + 2878*g + 66719. What is n(-23)?
-4
Let g(v) = 97*v - 840. Give g(9).
33
Let o(f) = -f**3 - 74*f**2 + 152*f - 137. Determine o(-76).
-137
Let g(z) = z**2 + 862*z + 7656. Give g(-9).
-21
Let q(t) = 537*t + 1677. What is q(-3)?
66
Let a(z) = -3*z**2 - 30*z - 48. What is a(0)?
-48
Let r(o) = -312*o**3 - o**2 - 28*o - 28. Determine r(-1).
311
Let n(y) = 13*y**2 + 1180*y + 1181. Give n(-1).
14
Let z(t) = t**2 - 53*t + 575. Give z(17).
-37
Let p(q) = -739*q - 4442. Calculate p(-6).
-8
Let r(i) = 94*i**2 - 14*i + 23. Determine r(2).
371
Let a(l) = -8*l**2 + 37*l - 144. Calculate a(4).
-124
Let y(s) = 380*s + 3421. What is y(-9)?
1
Let j(r) = 6*r + 220. Calculate j(-33).
22
Let w(s) = -s**3 + 15*s**2 + 3*s + 906. What is w(18)?
-12
Let z(w) = -3*w**3 - 6*w**2 + 2*w + 4. Give z(-2).
0
Let o(l) = -73*l + 32. What is o(11)?
-771
Let l(n) = n**3 - 4*n**2 + 14*n - 25. Calculate l(3).
8
Let l(x) = 4*x**2 - 108*x - 105. Calculate l(27).
-105
Let r(n) = 32*n + 998. Determine r(-21).
326
Let a(l) = 38*l + 548. Calculate a(-13).
54
Let o(g) = -3*g**2 - 240*g - 2277. Calculate o(-11).
0
Let x(y) = -2*y**2 + 63*y + 164. Determine x(34).
-6
Let u(r) = -2*r**2 + 21*r - 36. Calculate u(8).
4
Let j(z) = -61*z + 433. What is j(7)?
6
Let n(o) = o**2 + 24*o - 1. Calculate n(-21).
-64
Let g(w) = 346*w + 17305. Determine g(-50).
5
Let q(t) = 2*t**2 + 55*t - 150. Determine q(-29).
-63
Let m(a) = -12*a - 306. What is m(-21)?
-54
Let u(g) = 3*g**3 + 4*g**2 + 58*g + 103. Give u(-2).
-21
Let k(u) = u**3 - 14*u**2 + 12*u + 16. What is k(9)?
-281
Let d(t) = -39*t - 35. Give d(-5).
160
Let w(b) = 2*b**2 - 53*b + 92. Calculate w(25).
17
Let h(t) = 93*t - 93. What is h(-7)?
-744
Let p(r) = -6*r**2 - 113*r - 78. Give p(-18).
12
Let p(d) = -161*d + 2091. Give p(12).
159
Let t(o) = 208*o - 7683. Determine t(37).
13
Let u(f) = -132*f**2 - 46*f + 97. Calculate u(2).
-523
Let l(w) = 5*w**3 - 260*w**2 - 3*w + 127. Give l(52).
-29
Let n(w) = 3*w**3 + 26*w**2 - 50*w - 175. Give n(-10).
-75
Let i(a) = 3*a**3 + 13*a**2 - a + 29. Determine i(-7).
-356
Let n(d) = 9*d + 343. Calculate n(-39).
-8
Let m(p) = p**3 + 42*p**2 + 274*p + 17. Determine m(-8).
1
Let a(y) = 2*y**3 + 24*y**2 - 36*y - 501. Calculate a(-12).
-69
Let o(s) = -10*s**2 + 72*s - 114. Determine o(2).
-10
Let p(q) = -3*q**2 - 2*q + 395. Determine p(-20).
-765
Let u(f) = 8*f + 131. What is u(-17)?
-5
Let o(a) = -a**2 - 40*a - 52. Determine o(-37).
59
Let o(m) = -17*m**3 - 7*m**2 - 3. Determine o(2).
-167
Let i(c) = 18*c + 2200. What is i(-119)?
58
Let h(l) = 9*l**2 + 116*l - 300. Give h(-15).
-15
Let p(z) = 5*z**3 - 8*z**2 + 10*z - 11. Determine p(4).
221
Let d(q) = -q**2 - 3*q + 36. Determine d(5).
-4
Let l(b) = -b**3 + 31*b**2 - 27*b + 29. Determine l(30).
119
Let r(d) = 7*d - 257. Give r(34).
-19
Let k(x) = -x**2 - 7196*x + 57623. Determine k(8).
-9
Let g(l) = 2*l**3 - 81*l**2 - 611*l - 15. What is g(47)?
-15
Let o(t) = -10*t**2 - 131*t + 128. Give o(-14).
2
Let n(x) = -4191*x + 25152. What is n(6)?
6
Let x(y) = -1560*y + 12502. Calculate x(8).
22
Let k(v) = 54*v - 62. Calculate k(5).
208
Let w(x) = 2*x**2 + 68*x - 6659. Calculate w(-77).
-37
Let w(i) = -4*i**2 + 83*i - 215. What is w(18)?
-17
Let o(z) = 8*z**2 - 47*z - 567. Give o(-6).
3
Let v(a) = a**3 + 45*a**2 - 97*a - 5. What is v(-47)?
136
Let j(y) = 2*y**2 + 32*y + 205. What is j(-8)?
77
Let s(n) = -4600*n - 18433. Give s(-4).
-33
Let f(o) = 2*o**2 + 17*o - 2042. Calculate f(28).
2
Let o(z) = -14*z + 127. Give o(4).
71
Let b(n) = 13*n**2 - 3*n - 10. Give b(4).
186
Let z(q) = -7*q - 116. Give z(-12).
-32
Let b(w) = 82*w**2 + 5742*w + 141. What is b(-70)?
1
Let v(s) = 830*s + 108725. Calculate v(-131).
-5
Let q(u) = u**3 + 77*u**2 + 225*u + 221. Calculate q(-74).
-1
Let m(g) = 54*g**2 - 260*g - 47. Give m(5).
3
Let c(d) = d**3 - 18*d**2 + 52*d - 164. Calculate c(16).
156
Let v(z) = 3*z**3 + z**2 - 8*z - 2. Calculate v(-4).
-146
Let r(i) = -i**2 + 802*i - 15640. Give r(20).
0
Let c(d) = -10*d**3 - 5*d - 18. What is c(-2)?
72
Let a(n) = 747*n - 1488. Determine a(2).
6
Let u(d) = d**2 - 26*d + 275. Calculate u(16).
115
Let s(l) = 83*l + 106. What is s(2)?
272
Let o(y) = 51*y**2 - 665*y - 697. Calculate o(14).
-11
Let r(i) = i**2 - 4*i - 277. Determine r(-24).
395
Let c(r) = -674*r - 6740. Calculate c(-10).
0
Let n(x) = -3*x**3 + 27*x**2 + 27*x - 237. Calculate n(9).
6
Let p(f) = -158*f - 3875. What is p(-26)?
233
Let c(f) = -f**3 - 12*f**2 - 48*f + 4. What is c(-11)?
411
Let f(m) = 10*m**2 + 140*m + 468. Determine f(-9).
18
Let t(b) = -30*b - 60. What is t(-4)?
60
Let p(a) = -5*a**3 + 26*a**2 - 79*a + 372. Determine p(5).
2
Let v(u) = -u**3 - 37*u**2 - 161*u - 38. Calculate v(-32).
-6
Let j(u) = -34*u - 2129. Calculate j(-65).
81
Let p(l) = l**2 - 9*l + 29. Calculate p(4).
9
Let x(n) = -673*n + 19508. Calculate x(29).
-9
Let i(s) = 41*s - 774. What is i(19)?
5
Let m(d) = 31*d + 1714. Calculate m(-54).
40
Let s(k) = 3204*k + 9626. Determine s(-3).
14
Let z(m) = 3*m**3 + 64*m**2 - 41*m - 1300. Determine z(-21).
2
Let t(d) = -436*d - 26. Calculate t(0).
-26
Let r(y) = -y**3 + 11*y**2 + 28*y - 25. Give r(13).
1
Let n(o) = -o**2 + 23*o + 64. Give n(24).
40
Let q(b) = 32*b - 333. Determine q(7).
-109
Let r(a) = -3*a**2 + 33*a + 74. Give r(-2).
-4
Let s(p) = 1588*p + 69875. Determine s(-44).
3
Let u(x) = x**3 + 66*x**2 - 4*x + 4347. What is u(-67)?
126
Let g(v) = -343*v - 2374. Calculate g(-7).
27
Let z(q) = q**3 + 18*q**2 + 10*q - 14. Calculate z(-16).
338
Let o(l) = -l**2 + 8*l + 418. What is o(-16)?
34
Let l(b) = b**3 + 13*b**2 + 10*b + 89. Determine l(-13).
-41
Let i(l) = -l**3 - 129*l**2 - 133*l - 616. What is i(-128)?
24
Let g(l) = l**3 + 27*l**2 - 2*l - 21. Calculate g(-27).
33
Let c(w) = -2*w**2 - 163*w - 1266. Determine c(-73).
-25
Let c(z) = 6*z**3 - z**2 - 3*z + 3. What is c(-2)?
-43
Let s(u) = 4*u**3 + 10*u**2 + 16*u + 60. Give s(-3).
-6
Let k(g) = -8*g + 448. Determine k(43).
104
Let w(r) = r**2 + 8*r - 74. What is w(5)?
-9
Let p(g) = g**3 - 20*g**2 + 147*g - 1971. What is p(18)?
27
Let f(a) = -2*a**2 - 128*a - 1500. Determine f(-16).
36
Let l(c) = 8*c**2 + 89*c - 27. Calculate l(-11).
-38
Let o(p) = -5*p**3 + 93*p**2 + 25*p + 256. Give o(19).
9
Let h(w) = 6*w - 21. Calculate h(-8).
-69
Let h(j) = 63*j**3 + 3*j**2 + 12*j - 14. Calculate h(1).
64
Let n(h) = h**3 - 17*h**2 - 31*h + 765. Determine n(16).
13
Let x(g) = g**3 - 46*g**2 + 45*g - 33. Determine x(45).
-33
Let m(b) = -b**3 - 14*b**2 + 67*b + 1016. Give m(-14).
78
Let a(j) = -j**3 - 2*j**2 - 4*j - 77. What is a(0)?
-77
Let j(o) = -247*o**2 + 2224*o - 1. What is j(9)?
8
Let f(m) = -43*m - 111. Determine f(-7).
190
Let p(o) = o**2 + 34*o - 4216. What is p(-84)?
-16
Let z(p) = -2763*p - 13791. What is z(-5)?
24
Let m(v) = 53*v**2 + 1327*v + 43. What is m(-25)?
-7
Let h(z) = -z**3 + 10*z**2 - 80*z + 279. Calculate h(5).
4
Let t(w) = -34*w**3 - 5*w**2 - 6*w - 3. Calculate t(-2).
261
Let h(a) = 15*a**3 - a**2 + 2*a + 3. Determine h(-1).
-15
Let h(z) = -2*z**2 - 62*z + 2194. Give h(21).
10
Let i(x) = 433*x + 2534. Calculate i(-6).
-64
Let g(s) = 2633*s + 15791. Give g(-6).
-7
Let s(a) = -8*a**3 - 5*a**2 + 2*a. Determine s(2).
-80
Let j(p) = -11*p**2 + 365*p - 53. Determine j(33).
13
Let k(g) = -g**2 - 22*g - 80. Calculate k(-9).
37
Let p(a) = -a**2 - 186*a - 5452. Give p(-34).
-284
Let k(d) = -236*d**2 + 2363*d - 12. Calculate k(10).
18
Let c(z) = -z**3 + 14*z**2 + 31*z + 62. Calculate c(16).
46
Let g(x) = x**3 + 14*x**2 + 21*x + 144. Give g(-13).
40
Let a(i) = -320*i**2 + 5*i - 8. What is a(1)?
-323
Let m(z) = -28*z**3 + 135*z + 134. Calculate m(-1).
27
Let a(q) = -10725*q - 32178. What is a(-3)?
-3
Let h(w) = w**3 + 16*w**2 + 12*w + 74. Determine h(-17).
-419
Let y(a) = a**2 - 1439. Determine y(38).
5
Let u(z) = z**2 - 380*z - 26408. Give u(-60).
-8
Let n(m) = -m**3 + 64*m**2 - 14*m + 868. Give n(64).
-28
Let v(t) = -245*t - 2077. Calculate v(-9).
128
Let k(q) = 4631*q + 27796. Calculate k(-6).
10
Let r(c) = -89*c + 119. What is r(-1)?
208
Let t(p) = 68*p + 223. Calculate t(-5).
-117
Let b(i) = -i**3 - 7*i**2 - 7*i + 47. C